{"id":2,"date":"2024-06-21T17:29:30","date_gmt":"2024-06-21T15:29:30","guid":{"rendered":"http:\/\/educ-spe-guadeloupe.fr\/?page_id=2"},"modified":"2026-02-20T06:48:09","modified_gmt":"2026-02-20T10:48:09","slug":"presentation-naima-olbrdad-educatrice-specialisee-guadeloupe","status":"publish","type":"page","link":"https:\/\/educ-spe-guadeloupe.fr\/","title":{"rendered":"PRESENTATION"},"content":{"rendered":"\t\t<div data-elementor-type=\"wp-page\" data-elementor-id=\"2\" class=\"elementor elementor-2\">\n\t\t\t\t<div class=\"elementor-element elementor-element-802ffc5 e-flex e-con-boxed e-con e-parent\" data-id=\"802ffc5\" data-element_type=\"container\" data-e-type=\"container\">\n\t\t\t\t\t<div class=\"e-con-inner\">\n\t\t\t\t<div class=\"elementor-element elementor-element-3a92ceb elementor-widget elementor-widget-heading\" data-id=\"3a92ceb\" data-element_type=\"widget\" data-e-type=\"widget\" data-widget_type=\"heading.default\">\n\t\t\t\t<div class=\"elementor-widget-container\">\n\t\t\t\t\t<h1 class=\"elementor-heading-title elementor-size-default\">Bienvenue sur le site de Naima OLBRDAD, \u00e9ducatrice sp\u00e9cialis\u00e9e lib\u00e9rale en Guadeloupe<\/h1>\t\t\t\t<\/div>\n\t\t\t\t<\/div>\n\t\t\t\t\t<\/div>\n\t\t\t\t<\/div>\n\t\t<div class=\"elementor-element elementor-element-882d0e0 e-flex e-con-boxed e-con e-parent\" data-id=\"882d0e0\" data-element_type=\"container\" data-e-type=\"container\">\n\t\t\t\t\t<div class=\"e-con-inner\">\n\t\t\t\t<div class=\"elementor-element elementor-element-4e3f270 elementor-widget elementor-widget-text-editor\" data-id=\"4e3f270\" data-element_type=\"widget\" data-e-type=\"widget\" data-widget_type=\"text-editor.default\">\n\t\t\t\t<div class=\"elementor-widget-container\">\n\t\t\t\t\t\t\t\t\t<p>Votre alli\u00e9e pour un accompagnement \u00e9ducatif et personnalis\u00e9 en r\u00e9gion de Basse-Terre, Guadeloupe<\/p>\t\t\t\t\t\t\t\t<\/div>\n\t\t\t\t<\/div>\n\t\t\t\t\t<\/div>\n\t\t\t\t<\/div>\n\t\t<div class=\"elementor-element elementor-element-79d2065 e-flex e-con-boxed e-con e-parent\" data-id=\"79d2065\" data-element_type=\"container\" data-e-type=\"container\">\n\t\t\t\t\t<div class=\"e-con-inner\">\n\t\t\t\t<div class=\"elementor-element elementor-element-c20e77e elementor-widget elementor-widget-image\" data-id=\"c20e77e\" data-element_type=\"widget\" data-e-type=\"widget\" data-widget_type=\"image.default\">\n\t\t\t\t<div class=\"elementor-widget-container\">\n\t\t\t\t\t\t\t\t\t\t\t\t\t\t\t<img decoding=\"async\" width=\"150\" height=\"150\" src=\"https:\/\/educ-spe-guadeloupe.fr\/wp-content\/uploads\/2026\/02\/2025-Portrait-NAIMA-OLBRDAD.2-e1771583063871.png\" class=\"attachment-thumbnail size-thumbnail wp-image-199\" alt=\"\" \/>\t\t\t\t\t\t\t\t\t\t\t\t\t\t\t<\/div>\n\t\t\t\t<\/div>\n\t\t\t\t\t<\/div>\n\t\t\t\t<\/div>\n\t\t<div class=\"elementor-element elementor-element-76babd3 e-flex e-con-boxed e-con e-parent\" data-id=\"76babd3\" data-element_type=\"container\" data-e-type=\"container\">\n\t\t\t\t\t<div class=\"e-con-inner\">\n\t\t\t\t<div class=\"elementor-element elementor-element-6a600e4 elementor-widget elementor-widget-text-editor\" data-id=\"6a600e4\" data-element_type=\"widget\" data-e-type=\"widget\" data-widget_type=\"text-editor.default\">\n\t\t\t\t<div class=\"elementor-widget-container\">\n\t\t\t\t\t\t\t\t\t<div>\n<div>\n<p><span style=\"font-family: var( --e-global-typography-text-font-family ), Sans-serif; font-weight: var( --e-global-typography-text-font-weight ); font-size: 1rem;\">Bas\u00e9e \u00e0 Trois-Rivi\u00e8res et \u00e0 Petit-Bourg en Guadeloupe, je suis <strong>\u00e9ducatrice sp\u00e9cialis\u00e9e lib\u00e9rale<\/strong>. <br>Forte de 24 ann\u00e9es d\u2019exp\u00e9rience dont 6 en lib\u00e9ral, je <\/span>vous accompagne avec bienveillance et professionnalisme face aux d\u00e9fis \u00e9ducatifs, relationnels ou \u00e9motionnels que vous ou vos proches pouvez rencontrer.<\/p>\n<p>Mon approche humaine et adapt\u00e9e vise \u00e0 soutenir les personnes de tout \u00e2ge (enfants, adolescents, adultes, personnes \u00e2g\u00e9es) afin de favoriser l&rsquo;\u00e9panouissement, l&rsquo;autonomie et l&rsquo;inclusion sociale.<\/p>\n<\/div>\n<\/div>\t\t\t\t\t\t\t\t<\/div>\n\t\t\t\t<\/div>\n\t\t\t\t\t<\/div>\n\t\t\t\t<\/div>\n\t\t<div class=\"elementor-element elementor-element-c32a3d6 e-flex e-con-boxed e-con e-parent\" data-id=\"c32a3d6\" data-element_type=\"container\" data-e-type=\"container\">\n\t\t\t\t\t<div class=\"e-con-inner\">\n\t\t\t\t<div class=\"elementor-element elementor-element-fe12c7f elementor-widget elementor-widget-heading\" data-id=\"fe12c7f\" data-element_type=\"widget\" data-e-type=\"widget\" data-widget_type=\"heading.default\">\n\t\t\t\t<div class=\"elementor-widget-container\">\n\t\t\t\t\t<h2 class=\"elementor-heading-title elementor-size-default\">Des services adapt\u00e9s \u00e0 chaque situation<\/h2>\t\t\t\t<\/div>\n\t\t\t\t<\/div>\n\t\t\t\t\t<\/div>\n\t\t\t\t<\/div>\n\t\t<div class=\"elementor-element elementor-element-409a2ef e-flex e-con-boxed e-con e-parent\" data-id=\"409a2ef\" data-element_type=\"container\" data-e-type=\"container\">\n\t\t\t\t\t<div class=\"e-con-inner\">\n\t\t\t\t<div class=\"elementor-element elementor-element-ebc1dd0 elementor-widget elementor-widget-text-editor\" data-id=\"ebc1dd0\" data-element_type=\"widget\" data-e-type=\"widget\" data-widget_type=\"text-editor.default\">\n\t\t\t\t<div class=\"elementor-widget-container\">\n\t\t\t\t\t\t\t\t\t<ul><li><strong>Troubles du d\u00e9veloppement et de l&rsquo;apprentissage<\/strong><br \/>Soutien scolaire et \u00e9ducatif pour les enfants pr\u00e9sentant des troubles du neurod\u00e9veloppement, troubles dys, TSA, TDAH.<\/li><li><strong>Troubles du comportement<\/strong><br \/>Intervention pour apaiser les tensions familiales et sociales li\u00e9es \u00e0 des comportements inadapt\u00e9s.<\/li><li><strong>Accompagnement Handicap<\/strong><br \/>pour favoriser l&rsquo;autonomie et l&rsquo;inclusion des personnes en situation de handicap.<\/li><li><strong>Difficult\u00e9s \u00e9motionnelles et relationnelles<\/strong><br \/>Gestion du stress, de l&rsquo;anxi\u00e9t\u00e9 ou des relations difficiles.<\/li><li><strong>Accompagnement en p\u00e9riode de transition<\/strong><br \/>Aide pour surmonter les changements majeurs de la vie.<\/li><li><strong>Guidance parentale<\/strong><br \/>Accompagnement du ou des parents d&rsquo;enfants avec TSA et\/ou TDAH.<\/li><\/ul><p>D\u00e9couvrez tous les d\u00e9tails sur les services propos\u00e9s dans la <a href=\"https:\/\/educ-spe-guadeloupe.fr\/index.php\/services-naima-olbrdad-educatrice-specialisee-guadeloupe\/\">section d\u00e9di\u00e9e<\/a>.<\/p>\t\t\t\t\t\t\t\t<\/div>\n\t\t\t\t<\/div>\n\t\t\t\t\t<\/div>\n\t\t\t\t<\/div>\n\t\t<div class=\"elementor-element elementor-element-372ebd4 e-flex e-con-boxed e-con e-parent\" data-id=\"372ebd4\" data-element_type=\"container\" data-e-type=\"container\">\n\t\t\t\t\t<div class=\"e-con-inner\">\n\t\t\t\t<div class=\"elementor-element elementor-element-ce6725b elementor-widget elementor-widget-heading\" data-id=\"ce6725b\" data-element_type=\"widget\" data-e-type=\"widget\" data-widget_type=\"heading.default\">\n\t\t\t\t<div class=\"elementor-widget-container\">\n\t\t\t\t\t<h2 class=\"elementor-heading-title elementor-size-default\">Pourquoi choisir Naima OLBRDAD, \u00e9ducatrice sp\u00e9cialis\u00e9e lib\u00e9rale ? <\/h2>\t\t\t\t<\/div>\n\t\t\t\t<\/div>\n\t\t\t\t\t<\/div>\n\t\t\t\t<\/div>\n\t\t<div class=\"elementor-element elementor-element-21318f4 e-flex e-con-boxed e-con e-parent\" data-id=\"21318f4\" data-element_type=\"container\" data-e-type=\"container\">\n\t\t\t\t\t<div class=\"e-con-inner\">\n\t\t\t\t<div class=\"elementor-element elementor-element-bc019d6 elementor-widget elementor-widget-text-editor\" data-id=\"bc019d6\" data-element_type=\"widget\" data-e-type=\"widget\" data-widget_type=\"text-editor.default\">\n\t\t\t\t<div class=\"elementor-widget-container\">\n\t\t\t\t\t\t\t\t\t<ul><li><strong>Une approche personnalis\u00e9e<\/strong> : chaque intervention est pens\u00e9e en fonction de vos besoins sp\u00e9cifiques.<\/li><li><strong>Une expertise reconnue<\/strong> : je suis titulaire du dipl\u00f4me d&rsquo;Etat d&rsquo;\u00e9ducatrice sp\u00e9cialis\u00e9e, je travaille en coordination avec les institutions (CRA, PCPE, PCO, ASE, associations&#8230;).<\/li><li><strong>Une formation continue<\/strong> : r\u00e9alis\u00e9e de fa\u00e7on r\u00e9guli\u00e8re aupr\u00e8s de centres de ressources sp\u00e9cialis\u00e9s, d\u2019organismes de formation certifi\u00e9s et d\u2019autres professionnels\u00a0<\/li><li><strong>Une \u00e9coute active<\/strong> : je suis \u00e0 vos c\u00f4t\u00e9s pour co-construire des solutions efficaces et durables.<\/li><li><strong>Un ancrage local<\/strong> : proche de vous, j&rsquo;interviens \u00e0 Trois-Rivi\u00e8res, \u00e0 Petit-Bourg et dans l&rsquo;ensemble du territoire de Basse-Terre.<\/li><li><strong>Un tarif et des solutions de financement<\/strong> adapt\u00e9s \u00e0 vos besoins et possibilit\u00e9s<\/li><\/ul>\t\t\t\t\t\t\t\t<\/div>\n\t\t\t\t<\/div>\n\t\t\t\t\t<\/div>\n\t\t\t\t<\/div>\n\t\t<div class=\"elementor-element elementor-element-8a290a0 e-flex e-con-boxed e-con e-parent\" data-id=\"8a290a0\" data-element_type=\"container\" data-e-type=\"container\">\n\t\t\t\t\t<div class=\"e-con-inner\">\n\t\t\t\t<div class=\"elementor-element elementor-element-5270e98 elementor-align-center elementor-widget elementor-widget-button\" data-id=\"5270e98\" data-element_type=\"widget\" data-e-type=\"widget\" data-widget_type=\"button.default\">\n\t\t\t\t<div class=\"elementor-widget-container\">\n\t\t\t\t\t\t\t\t\t<div class=\"elementor-button-wrapper\">\n\t\t\t\t\t<a class=\"elementor-button elementor-button-link elementor-size-sm\" href=\"https:\/\/educ-spe-guadeloupe.fr\/index.php\/contact-naima-olbrdad-educatrice-specialisee-liberale-guadeloupe\/\" target=\"_blank\">\n\t\t\t\t\t\t<span class=\"elementor-button-content-wrapper\">\n\t\t\t\t\t\t\t\t\t<span class=\"elementor-button-text\">Prendre contact d\u00e8s maintenant<\/span>\n\t\t\t\t\t<\/span>\n\t\t\t\t\t<\/a>\n\t\t\t\t<\/div>\n\t\t\t\t\t\t\t\t<\/div>\n\t\t\t\t<\/div>\n\t\t\t\t\t<\/div>\n\t\t\t\t<\/div>\n\t\t<div class=\"elementor-element elementor-element-e62f876 e-flex e-con-boxed e-con e-parent\" data-id=\"e62f876\" data-element_type=\"container\" data-e-type=\"container\">\n\t\t\t\t\t<div class=\"e-con-inner\">\n\t\t\t\t<div class=\"elementor-element elementor-element-20490f0 elementor-widget-divider--view-line elementor-widget elementor-widget-divider\" data-id=\"20490f0\" data-element_type=\"widget\" data-e-type=\"widget\" data-widget_type=\"divider.default\">\n\t\t\t\t<div class=\"elementor-widget-container\">\n\t\t\t\t\t\t\t<div class=\"elementor-divider\">\n\t\t\t<span class=\"elementor-divider-separator\">\n\t\t\t\t\t\t<\/span>\n\t\t<\/div>\n\t\t\t\t\t\t<\/div>\n\t\t\t\t<\/div>\n\t\t\t\t\t<\/div>\n\t\t\t\t<\/div>\n\t\t<div class=\"elementor-element elementor-element-4ab3ef4 e-flex e-con-boxed e-con e-parent\" data-id=\"4ab3ef4\" data-element_type=\"container\" data-e-type=\"container\">\n\t\t\t\t\t<div class=\"e-con-inner\">\n\t\t\t\t<div class=\"elementor-element elementor-element-c40e19c elementor-widget elementor-widget-heading\" data-id=\"c40e19c\" data-element_type=\"widget\" data-e-type=\"widget\" data-widget_type=\"heading.default\">\n\t\t\t\t<div class=\"elementor-widget-container\">\n\t\t\t\t\t<h2 class=\"elementor-heading-title elementor-size-default\">T\u00e9moignage de confiance<\/h2>\t\t\t\t<\/div>\n\t\t\t\t<\/div>\n\t\t\t\t\t<\/div>\n\t\t\t\t<\/div>\n\t\t<div class=\"elementor-element elementor-element-13598ff e-flex e-con-boxed e-con e-parent\" data-id=\"13598ff\" data-element_type=\"container\" data-e-type=\"container\">\n\t\t\t\t\t<div class=\"e-con-inner\">\n\t\t\t\t<div class=\"elementor-element elementor-element-9f8696f elementor-widget elementor-widget-text-editor\" data-id=\"9f8696f\" data-element_type=\"widget\" data-e-type=\"widget\" data-widget_type=\"text-editor.default\">\n\t\t\t\t<div class=\"elementor-widget-container\">\n\t\t\t\t\t\t\t\t\t<p><em>Naima nous a \u00e9t\u00e9 conseill\u00e9e par le\u00a0Centre d&rsquo;action m\u00e9dico-sociale pr\u00e9coce (CAMSP) de Petit-Quevilly pour notre fille de 5 ans, atteinte de troubles du spectre autistique (TSA) avec hyperactivit\u00e9 et difficult\u00e9s de langage.\u00a0<\/em><\/p>\n<p><em>Naima l&rsquo;a accompagn\u00e9e pendant 2 ans dans son autonomie, sa concentration, son comportement, sa communication, sa socialisation.<\/em><\/p>\n<p><em>Naima a \u00e9t\u00e9 tr\u00e8s \u00e0 l&rsquo;\u00e9coute de nos attentes et du fonctionnement de notre fille. Elle a su cibler les priorit\u00e9s, s&rsquo;adapter et mettre en place un programme pratique gr\u00e2ce \u00e0 un planning, ainsi que de nombreuses activit\u00e9s (lecture, jeux, exercices, r\u00e9p\u00e9titions, sports, activit\u00e9s de groupe&#8230;) \u00e0 domicile et \u00e0 l&rsquo;ext\u00e9rieur, y compris avec une intervenante sportive.\u00a0<\/em><\/p>\n<p><em>Elle a aussi particip\u00e9 aux r\u00e9unions scolaires et a ainsi permis \u00e0 l&rsquo;\u00e9quipe enseignante de mieux comprendre notre fille et donc d&rsquo;am\u00e9liorer le travail et le bien-\u00eatre de notre fille \u00e0 l&rsquo;\u00e9cole.\u00a0<\/em><\/p>\n<p><em>Notre fille a beaucoup \u00e9volu\u00e9, progress\u00e9 et nous remercions Naima !<\/em><\/p>\n<p>Malik L. (papa de Douaa)<\/p>\t\t\t\t\t\t\t\t<\/div>\n\t\t\t\t<\/div>\n\t\t\t\t\t<\/div>\n\t\t\t\t<\/div>\n\t\t<div class=\"elementor-element elementor-element-58ebc04 e-flex e-con-boxed e-con e-parent\" data-id=\"58ebc04\" data-element_type=\"container\" data-e-type=\"container\">\n\t\t\t\t\t<div class=\"e-con-inner\">\n\t\t\t\t<div class=\"elementor-element elementor-element-1e9edf3 elementor-widget-divider--view-line elementor-widget elementor-widget-divider\" data-id=\"1e9edf3\" data-element_type=\"widget\" data-e-type=\"widget\" data-widget_type=\"divider.default\">\n\t\t\t\t<div class=\"elementor-widget-container\">\n\t\t\t\t\t\t\t<div class=\"elementor-divider\">\n\t\t\t<span class=\"elementor-divider-separator\">\n\t\t\t\t\t\t<\/span>\n\t\t<\/div>\n\t\t\t\t\t\t<\/div>\n\t\t\t\t<\/div>\n\t\t\t\t\t<\/div>\n\t\t\t\t<\/div>\n\t\t<div class=\"elementor-element elementor-element-10bfa6e e-flex e-con-boxed e-con e-parent\" data-id=\"10bfa6e\" data-element_type=\"container\" data-e-type=\"container\">\n\t\t\t\t\t<div class=\"e-con-inner\">\n\t\t\t\t<div class=\"elementor-element elementor-element-41a2cbd elementor-widget elementor-widget-text-editor\" data-id=\"41a2cbd\" data-element_type=\"widget\" data-e-type=\"widget\" data-widget_type=\"text-editor.default\">\n\t\t\t\t<div class=\"elementor-widget-container\">\n\t\t\t\t\t\t\t\t\t<p><em>Votre bien-\u00eatre et celui de vos proches sont au c\u0153ur de ma mission.<\/em><\/p>\t\t\t\t\t\t\t\t<\/div>\n\t\t\t\t<\/div>\n\t\t\t\t\t<\/div>\n\t\t\t\t<\/div>\n\t\t\t\t<\/div>\n\t\t","protected":false},"excerpt":{"rendered":"<p>Bienvenue sur le site de Naima OLBRDAD, \u00e9ducatrice sp\u00e9cialis\u00e9e lib\u00e9rale en Guadeloupe Votre alli\u00e9e pour un accompagnement \u00e9ducatif et personnalis\u00e9 en r\u00e9gion de Basse-Terre, Guadeloupe Bas\u00e9e \u00e0 Trois-Rivi\u00e8res et \u00e0 Petit-Bourg en Guadeloupe, je suis \u00e9ducatrice sp\u00e9cialis\u00e9e lib\u00e9rale. Forte de 24 ann\u00e9es d\u2019exp\u00e9rience dont 6 en lib\u00e9ral, je vous accompagne avec bienveillance et professionnalisme face [&hellip;]<\/p>\n","protected":false},"author":1,"featured_media":22,"parent":0,"menu_order":0,"comment_status":"closed","ping_status":"closed","template":"","meta":{"footnotes":""},"class_list":["post-2","page","type-page","status-publish","has-post-thumbnail","hentry"],"_links":{"self":[{"href":"https:\/\/educ-spe-guadeloupe.fr\/index.php\/wp-json\/wp\/v2\/pages\/2","targetHints":{"allow":["GET"]}}],"collection":[{"href":"https:\/\/educ-spe-guadeloupe.fr\/index.php\/wp-json\/wp\/v2\/pages"}],"about":[{"href":"https:\/\/educ-spe-guadeloupe.fr\/index.php\/wp-json\/wp\/v2\/types\/page"}],"author":[{"embeddable":true,"href":"https:\/\/educ-spe-guadeloupe.fr\/index.php\/wp-json\/wp\/v2\/users\/1"}],"replies":[{"embeddable":true,"href":"https:\/\/educ-spe-guadeloupe.fr\/index.php\/wp-json\/wp\/v2\/comments?post=2"}],"version-history":[{"count":50,"href":"https:\/\/educ-spe-guadeloupe.fr\/index.php\/wp-json\/wp\/v2\/pages\/2\/revisions"}],"predecessor-version":[{"id":228,"href":"https:\/\/educ-spe-guadeloupe.fr\/index.php\/wp-json\/wp\/v2\/pages\/2\/revisions\/228"}],"wp:featuredmedia":[{"embeddable":true,"href":"https:\/\/educ-spe-guadeloupe.fr\/index.php\/wp-json\/wp\/v2\/media\/22"}],"wp:attachment":[{"href":"https:\/\/educ-spe-guadeloupe.fr\/index.php\/wp-json\/wp\/v2\/media?parent=2"}],"curies":[{"name":"wp","href":"https:\/\/api.w.org\/{rel}","templated":true}]}}