{"id":31,"date":"2024-11-22T11:30:14","date_gmt":"2024-11-22T15:30:14","guid":{"rendered":"https:\/\/educ-spe-guadeloupe.fr\/?page_id=31"},"modified":"2026-02-20T06:17:34","modified_gmt":"2026-02-20T10:17:34","slug":"services-naima-olbrdad-educatrice-specialisee-guadeloupe","status":"publish","type":"page","link":"https:\/\/educ-spe-guadeloupe.fr\/index.php\/services-naima-olbrdad-educatrice-specialisee-guadeloupe\/","title":{"rendered":"SERVICES"},"content":{"rendered":"\t\t<div data-elementor-type=\"wp-page\" data-elementor-id=\"31\" class=\"elementor elementor-31\">\n\t\t\t\t<div class=\"elementor-element elementor-element-2a9b521 e-flex e-con-boxed e-con e-parent\" data-id=\"2a9b521\" data-element_type=\"container\" data-e-type=\"container\">\n\t\t\t\t\t<div class=\"e-con-inner\">\n\t\t\t\t<div class=\"elementor-element elementor-element-31f6f92 elementor-widget elementor-widget-heading\" data-id=\"31f6f92\" data-element_type=\"widget\" data-e-type=\"widget\" data-widget_type=\"heading.default\">\n\t\t\t\t<div class=\"elementor-widget-container\">\n\t\t\t\t\t<h1 class=\"elementor-heading-title elementor-size-default\">Naima OLBRDAD, votre \u00e9ducatrice sp\u00e9cialis\u00e9e \u00e0 Trois-Rivi\u00e8res, Guadeloupe Basse-Terre :\n\nun accompagnement adapt\u00e9 pour chaque situation<\/h1>\t\t\t\t<\/div>\n\t\t\t\t<\/div>\n\t\t\t\t\t<\/div>\n\t\t\t\t<\/div>\n\t\t<div class=\"elementor-element elementor-element-2cecfff e-flex e-con-boxed e-con e-parent\" data-id=\"2cecfff\" data-element_type=\"container\" data-e-type=\"container\">\n\t\t\t\t\t<div class=\"e-con-inner\">\n\t\t\t\t<div class=\"elementor-element elementor-element-882ca97 elementor-widget elementor-widget-heading\" data-id=\"882ca97\" data-element_type=\"widget\" data-e-type=\"widget\" data-widget_type=\"heading.default\">\n\t\t\t\t<div class=\"elementor-widget-container\">\n\t\t\t\t\t<h2 class=\"elementor-heading-title elementor-size-default\">Accompagnements \u00e9ducatifs individualis\u00e9s<\/h2>\t\t\t\t<\/div>\n\t\t\t\t<\/div>\n\t\t\t\t\t<\/div>\n\t\t\t\t<\/div>\n\t\t<div class=\"elementor-element elementor-element-7643d29 e-flex e-con-boxed e-con e-parent\" data-id=\"7643d29\" data-element_type=\"container\" data-e-type=\"container\">\n\t\t\t\t\t<div class=\"e-con-inner\">\n\t\t\t\t<div class=\"elementor-element elementor-element-678cf6b elementor-widget elementor-widget-text-editor\" data-id=\"678cf6b\" data-element_type=\"widget\" data-e-type=\"widget\" data-widget_type=\"text-editor.default\">\n\t\t\t\t<div class=\"elementor-widget-container\">\n\t\t\t\t\t\t\t\t\t<p data-start=\"312\" data-end=\"499\">Je propose des <strong data-start=\"327\" data-end=\"371\">accompagnements \u00e9ducatifs individualis\u00e9s<\/strong> aupr\u00e8s d\u2019enfants, d\u2019adolescents et d\u2019adultes, dans le cadre d\u2019une activit\u00e9 d\u2019<strong data-start=\"449\" data-end=\"498\">\u00e9ducatrice sp\u00e9cialis\u00e9e lib\u00e9rale en Guadeloupe<\/strong>.<\/p><p data-start=\"501\" data-end=\"550\">Les accompagnements peuvent concerner notamment :<\/p><ul data-start=\"551\" data-end=\"860\"><li data-start=\"551\" data-end=\"600\"><p data-start=\"553\" data-end=\"600\">le trouble du spectre de l\u2019autisme (TSA),<\/p><\/li><li data-start=\"601\" data-end=\"680\"><p data-start=\"603\" data-end=\"680\">le trouble du d\u00e9ficit de l\u2019attention avec ou sans hyperactivit\u00e9 (TDAH),<\/p><\/li><li data-start=\"681\" data-end=\"737\"><p data-start=\"683\" data-end=\"737\">les difficult\u00e9s d\u2019autonomie dans la vie quotidienne,<\/p><\/li><li data-start=\"738\" data-end=\"808\"><p data-start=\"740\" data-end=\"808\">les difficult\u00e9s relationnelles, \u00e9motionnelles ou comportementales,<\/p><\/li><li data-start=\"809\" data-end=\"860\"><p data-start=\"811\" data-end=\"860\">les situations de vuln\u00e9rabilit\u00e9 ou de transition.<\/p><\/li><\/ul><p data-start=\"862\" data-end=\"1042\">Lorsque cela est pertinent, des <strong data-start=\"894\" data-end=\"923\">s\u00e9ances en petits groupes<\/strong> peuvent \u00e9galement \u00eatre propos\u00e9es, afin de favoriser les interactions, la socialisation et les apprentissages partag\u00e9s.<\/p>\t\t\t\t\t\t\t\t<\/div>\n\t\t\t\t<\/div>\n\t\t\t\t\t<\/div>\n\t\t\t\t<\/div>\n\t\t<div class=\"elementor-element elementor-element-7289c4c e-flex e-con-boxed e-con e-parent\" data-id=\"7289c4c\" data-element_type=\"container\" data-e-type=\"container\">\n\t\t\t\t\t<div class=\"e-con-inner\">\n\t\t\t\t<div class=\"elementor-element elementor-element-11f4500 elementor-widget elementor-widget-heading\" data-id=\"11f4500\" data-element_type=\"widget\" data-e-type=\"widget\" data-widget_type=\"heading.default\">\n\t\t\t\t<div class=\"elementor-widget-container\">\n\t\t\t\t\t<h2 class=\"elementor-heading-title elementor-size-default\">Lieux et modalit\u00e9s d\u2019intervention<\/h2>\t\t\t\t<\/div>\n\t\t\t\t<\/div>\n\t\t\t\t\t<\/div>\n\t\t\t\t<\/div>\n\t\t<div class=\"elementor-element elementor-element-9d6d8b4 e-flex e-con-boxed e-con e-parent\" data-id=\"9d6d8b4\" data-element_type=\"container\" data-e-type=\"container\">\n\t\t\t\t\t<div class=\"e-con-inner\">\n\t\t\t\t<div class=\"elementor-element elementor-element-a480cf8 elementor-widget elementor-widget-text-editor\" data-id=\"a480cf8\" data-element_type=\"widget\" data-e-type=\"widget\" data-widget_type=\"text-editor.default\">\n\t\t\t\t<div class=\"elementor-widget-container\">\n\t\t\t\t\t\t\t\t\t<p data-start=\"1092\" data-end=\"1127\">Les accompagnements sont propos\u00e9s :<\/p><ul data-start=\"1128\" data-end=\"1329\"><li data-start=\"1128\" data-end=\"1148\"><p data-start=\"1130\" data-end=\"1148\"><strong data-start=\"1130\" data-end=\"1145\">au domicile<\/strong>,<\/p><\/li><li data-start=\"1149\" data-end=\"1229\"><p data-start=\"1151\" data-end=\"1229\"><strong data-start=\"1151\" data-end=\"1186\">dans les lieux de vie habituels<\/strong> (\u00e9cole, structures, espaces ext\u00e9rieurs),<\/p><\/li><li data-start=\"1230\" data-end=\"1329\"><p data-start=\"1232\" data-end=\"1329\"><strong data-start=\"1232\" data-end=\"1260\">au cabinet \u00e0 Petit-Bourg<\/strong>, lorsque le changement de cadre fait partie des objectifs \u00e9ducatifs.<\/p><\/li><\/ul><p data-start=\"1331\" data-end=\"1425\">Cette diversit\u00e9 de modalit\u00e9s permet d\u2019adapter l\u2019intervention \u00e0 la r\u00e9alit\u00e9 de chaque situation.<\/p>\t\t\t\t\t\t\t\t<\/div>\n\t\t\t\t<\/div>\n\t\t\t\t\t<\/div>\n\t\t\t\t<\/div>\n\t\t<div class=\"elementor-element elementor-element-e098214 e-flex e-con-boxed e-con e-parent\" data-id=\"e098214\" data-element_type=\"container\" data-e-type=\"container\">\n\t\t\t\t\t<div class=\"e-con-inner\">\n\t\t\t\t<div class=\"elementor-element elementor-element-52886b8 elementor-widget elementor-widget-heading\" data-id=\"52886b8\" data-element_type=\"widget\" data-e-type=\"widget\" data-widget_type=\"heading.default\">\n\t\t\t\t<div class=\"elementor-widget-container\">\n\t\t\t\t\t<h2 class=\"elementor-heading-title elementor-size-default\">Guidances parentales (TSA et TDAH)<\/h2>\t\t\t\t<\/div>\n\t\t\t\t<\/div>\n\t\t\t\t\t<\/div>\n\t\t\t\t<\/div>\n\t\t<div class=\"elementor-element elementor-element-2b98700 e-flex e-con-boxed e-con e-parent\" data-id=\"2b98700\" data-element_type=\"container\" data-e-type=\"container\">\n\t\t\t\t\t<div class=\"e-con-inner\">\n\t\t\t\t<div class=\"elementor-element elementor-element-891e7f2 elementor-widget elementor-widget-text-editor\" data-id=\"891e7f2\" data-element_type=\"widget\" data-e-type=\"widget\" data-widget_type=\"text-editor.default\">\n\t\t\t\t<div class=\"elementor-widget-container\">\n\t\t\t\t\t\t\t\t\t<p>Je propose des <strong data-start=\"1491\" data-end=\"1515\">guidances parentales<\/strong> destin\u00e9es aux parents d\u2019enfants et d\u2019adolescents pr\u00e9sentant un <strong data-start=\"1579\" data-end=\"1586\">TSA<\/strong> et\/ou un <strong data-start=\"1596\" data-end=\"1604\">TDAH<\/strong>.<br data-start=\"1605\" data-end=\"1608\" \/>Ces accompagnements sont centr\u00e9s sur le soutien \u00e0 la parentalit\u00e9 et compl\u00e9mentaires aux suivis \u00e9ducatifs.<\/p>\t\t\t\t\t\t\t\t<\/div>\n\t\t\t\t<\/div>\n\t\t\t\t\t<\/div>\n\t\t\t\t<\/div>\n\t\t<div class=\"elementor-element elementor-element-1fa4bf6 e-flex e-con-boxed e-con e-parent\" data-id=\"1fa4bf6\" data-element_type=\"container\" data-e-type=\"container\">\n\t\t\t\t\t<div class=\"e-con-inner\">\n\t\t\t\t<div class=\"elementor-element elementor-element-db3cd79 elementor-widget elementor-widget-heading\" data-id=\"db3cd79\" data-element_type=\"widget\" data-e-type=\"widget\" data-widget_type=\"heading.default\">\n\t\t\t\t<div class=\"elementor-widget-container\">\n\t\t\t\t\t<h3 class=\"elementor-heading-title elementor-size-default\">1. Guidance parentale \u2013 TSA<\/h3>\t\t\t\t<\/div>\n\t\t\t\t<\/div>\n\t\t\t\t\t<\/div>\n\t\t\t\t<\/div>\n\t\t<div class=\"elementor-element elementor-element-c8baf8d e-flex e-con-boxed e-con e-parent\" data-id=\"c8baf8d\" data-element_type=\"container\" data-e-type=\"container\">\n\t\t\t\t\t<div class=\"e-con-inner\">\n\t\t\t\t<div class=\"elementor-element elementor-element-19ae30a elementor-widget elementor-widget-text-editor\" data-id=\"19ae30a\" data-element_type=\"widget\" data-e-type=\"widget\" data-widget_type=\"text-editor.default\">\n\t\t\t\t<div class=\"elementor-widget-container\">\n\t\t\t\t\t\t\t\t\t<p data-start=\"1750\" data-end=\"1900\">La guidance parentale <strong data-start=\"1772\" data-end=\"1779\">TSA<\/strong> s\u2019adresse aux parents apr\u00e8s l\u2019annonce du diagnostic ou lorsque le d\u00e9veloppement de l\u2019autonomie est un objectif \u00e9ducatif.<\/p><p data-start=\"1902\" data-end=\"2097\">Elle s\u2019appuie sur des formations suivies en 2021 aupr\u00e8s de la <strong data-start=\"1964\" data-end=\"2005\"><span class=\"hover:entity-accent entity-underline inline cursor-pointer align-baseline\"><span class=\"whitespace-normal\">CRA Normandie Seine Eure<\/span><\/span><\/strong>, notamment autour de l\u2019annonce diagnostique et du d\u00e9veloppement de l\u2019autonomie personnelle.<\/p><p data-start=\"2099\" data-end=\"2121\">Objectifs principaux :<\/p><ul data-start=\"2122\" data-end=\"2269\"><li data-start=\"2122\" data-end=\"2182\"><p data-start=\"2124\" data-end=\"2182\">mieux comprendre le fonctionnement de l\u2019enfant avec TSA,<\/p><\/li><li data-start=\"2183\" data-end=\"2232\"><p data-start=\"2185\" data-end=\"2232\">adapter l\u2019environnement et le cadre \u00e9ducatif,<\/p><\/li><li data-start=\"2233\" data-end=\"2269\"><p data-start=\"2235\" data-end=\"2269\">soutenir l\u2019autonomie au quotidien.<\/p><\/li><\/ul>\t\t\t\t\t\t\t\t<\/div>\n\t\t\t\t<\/div>\n\t\t\t\t\t<\/div>\n\t\t\t\t<\/div>\n\t\t<div class=\"elementor-element elementor-element-644d59d e-flex e-con-boxed e-con e-parent\" data-id=\"644d59d\" data-element_type=\"container\" data-e-type=\"container\">\n\t\t\t\t\t<div class=\"e-con-inner\">\n\t\t\t\t<div class=\"elementor-element elementor-element-7828c36 elementor-widget elementor-widget-heading\" data-id=\"7828c36\" data-element_type=\"widget\" data-e-type=\"widget\" data-widget_type=\"heading.default\">\n\t\t\t\t<div class=\"elementor-widget-container\">\n\t\t\t\t\t<h3 class=\"elementor-heading-title elementor-size-default\">2. Guidance parentale \u2013 TDAH<\/h3>\t\t\t\t<\/div>\n\t\t\t\t<\/div>\n\t\t\t\t\t<\/div>\n\t\t\t\t<\/div>\n\t\t<div class=\"elementor-element elementor-element-ee6609c e-flex e-con-boxed e-con e-parent\" data-id=\"ee6609c\" data-element_type=\"container\" data-e-type=\"container\">\n\t\t\t\t\t<div class=\"e-con-inner\">\n\t\t\t\t<div class=\"elementor-element elementor-element-d2a78f4 elementor-widget elementor-widget-text-editor\" data-id=\"d2a78f4\" data-element_type=\"widget\" data-e-type=\"widget\" data-widget_type=\"text-editor.default\">\n\t\t\t\t<div class=\"elementor-widget-container\">\n\t\t\t\t\t\t\t\t\t<p data-start=\"2307\" data-end=\"2477\">La guidance parentale <strong data-start=\"2329\" data-end=\"2337\">TDAH<\/strong> repose sur des <strong data-start=\"2353\" data-end=\"2414\">programmes d\u2019entra\u00eenement aux habilet\u00e9s parentales (PEHP)<\/strong>, de type <strong data-start=\"2424\" data-end=\"2435\">Barkley<\/strong>, pour lesquels je me suis form\u00e9e en 2025 aupr\u00e8s d&rsquo;un organisme certifi\u00e9.&nbsp;<\/p>\n<p data-start=\"2479\" data-end=\"2521\">Elle vise \u00e0 accompagner les parents dans :<\/p>\n<ul data-start=\"2522\" data-end=\"2685\">\n<li data-start=\"2522\" data-end=\"2570\">\n<p data-start=\"2524\" data-end=\"2570\">la compr\u00e9hension des manifestations du TDAH,<\/p>\n<\/li>\n<li data-start=\"2571\" data-end=\"2631\">\n<p data-start=\"2573\" data-end=\"2631\">la mise en place de strat\u00e9gies \u00e9ducatives structurantes,<\/p>\n<\/li>\n<li data-start=\"2632\" data-end=\"2685\">\n<p data-start=\"2634\" data-end=\"2685\">l\u2019ajustement des routines et du cadre du quotidien<\/p>\n<\/li>\n<\/ul>\t\t\t\t\t\t\t\t<\/div>\n\t\t\t\t<\/div>\n\t\t\t\t\t<\/div>\n\t\t\t\t<\/div>\n\t\t<div class=\"elementor-element elementor-element-2e820a4 e-flex e-con-boxed e-con e-parent\" data-id=\"2e820a4\" data-element_type=\"container\" data-e-type=\"container\">\n\t\t\t\t\t<div class=\"e-con-inner\">\n\t\t\t\t<div class=\"elementor-element elementor-element-116f2ae elementor-widget elementor-widget-heading\" data-id=\"116f2ae\" data-element_type=\"widget\" data-e-type=\"widget\" data-widget_type=\"heading.default\">\n\t\t\t\t<div class=\"elementor-widget-container\">\n\t\t\t\t\t<h2 class=\"elementor-heading-title elementor-size-default\">Pourquoi choisir une \u00e9ducatrice sp\u00e9cialis\u00e9e lib\u00e9rale en Guadeloupe ?<\/h2>\t\t\t\t<\/div>\n\t\t\t\t<\/div>\n\t\t\t\t\t<\/div>\n\t\t\t\t<\/div>\n\t\t<div class=\"elementor-element elementor-element-48a9fd1 e-flex e-con-boxed e-con e-parent\" data-id=\"48a9fd1\" data-element_type=\"container\" data-e-type=\"container\">\n\t\t\t\t\t<div class=\"e-con-inner\">\n\t\t\t\t<div class=\"elementor-element elementor-element-eba74d5 elementor-widget elementor-widget-text-editor\" data-id=\"eba74d5\" data-element_type=\"widget\" data-e-type=\"widget\" data-widget_type=\"text-editor.default\">\n\t\t\t\t<div class=\"elementor-widget-container\">\n\t\t\t\t\t\t\t\t\t<p>Avec une approche humaine, professionnelle et respectueuse de la singularit\u00e9 de chacun,\u00a0 je vous propose, en tant qu&rsquo;\u00e9ducatrice sp\u00e9cialis\u00e9e en r\u00e9gion Basse-Terre de Guadeloupe, des interventions adapt\u00e9es \u00e0 chaque situation. <br \/>Gr\u00e2ce \u00e0 une \u00e9coute active et des outils p\u00e9dagogiques \u00e9prouv\u00e9s, je collabore avec les familles et l&rsquo;ensemble des acteurs (enseignants, th\u00e9rapeutes, etc.) pour offrir un accompagnement global et efficace.<\/p><p>Que vous soyez parent, aidant ou directement concern\u00e9, vous pouvez me contacter.\u00a0<\/p><p>Ensemble, construisons des solutions adapt\u00e9es pour avancer vers un mieux-\u00eatre durable.<\/p>\t\t\t\t\t\t\t\t<\/div>\n\t\t\t\t<\/div>\n\t\t\t\t\t<\/div>\n\t\t\t\t<\/div>\n\t\t<div class=\"elementor-element elementor-element-68013ba e-flex e-con-boxed e-con e-parent\" data-id=\"68013ba\" data-element_type=\"container\" data-e-type=\"container\">\n\t\t\t\t\t<div class=\"e-con-inner\">\n\t\t\t\t<div class=\"elementor-element elementor-element-9936e20 elementor-align-center elementor-widget elementor-widget-button\" data-id=\"9936e20\" data-element_type=\"widget\" data-e-type=\"widget\" data-widget_type=\"button.default\">\n\t\t\t\t<div class=\"elementor-widget-container\">\n\t\t\t\t\t\t\t\t\t<div class=\"elementor-button-wrapper\">\n\t\t\t\t\t<a class=\"elementor-button elementor-button-link elementor-size-sm\" href=\"https:\/\/educ-spe-guadeloupe.fr\/index.php\/contact-naima-olbrdad-educatrice-specialisee-liberale-guadeloupe\/\" target=\"_blank\">\n\t\t\t\t\t\t<span class=\"elementor-button-content-wrapper\">\n\t\t\t\t\t\t\t\t\t<span class=\"elementor-button-text\">lien vers le formulaire de contact<\/span>\n\t\t\t\t\t<\/span>\n\t\t\t\t\t<\/a>\n\t\t\t\t<\/div>\n\t\t\t\t\t\t\t\t<\/div>\n\t\t\t\t<\/div>\n\t\t\t\t\t<\/div>\n\t\t\t\t<\/div>\n\t\t\t\t<\/div>\n\t\t","protected":false},"excerpt":{"rendered":"<p>Naima OLBRDAD, votre \u00e9ducatrice sp\u00e9cialis\u00e9e \u00e0 Trois-Rivi\u00e8res, Guadeloupe Basse-Terre : un accompagnement adapt\u00e9 pour chaque situation Accompagnements \u00e9ducatifs individualis\u00e9s Je propose des accompagnements \u00e9ducatifs individualis\u00e9s aupr\u00e8s d\u2019enfants, d\u2019adolescents et d\u2019adultes, dans le cadre d\u2019une activit\u00e9 d\u2019\u00e9ducatrice sp\u00e9cialis\u00e9e lib\u00e9rale en Guadeloupe. Les accompagnements peuvent concerner notamment : le trouble du spectre de l\u2019autisme (TSA), le trouble [&hellip;]<\/p>\n","protected":false},"author":1,"featured_media":0,"parent":0,"menu_order":0,"comment_status":"closed","ping_status":"closed","template":"","meta":{"footnotes":""},"class_list":["post-31","page","type-page","status-publish","hentry"],"_links":{"self":[{"href":"https:\/\/educ-spe-guadeloupe.fr\/index.php\/wp-json\/wp\/v2\/pages\/31","targetHints":{"allow":["GET"]}}],"collection":[{"href":"https:\/\/educ-spe-guadeloupe.fr\/index.php\/wp-json\/wp\/v2\/pages"}],"about":[{"href":"https:\/\/educ-spe-guadeloupe.fr\/index.php\/wp-json\/wp\/v2\/types\/page"}],"author":[{"embeddable":true,"href":"https:\/\/educ-spe-guadeloupe.fr\/index.php\/wp-json\/wp\/v2\/users\/1"}],"replies":[{"embeddable":true,"href":"https:\/\/educ-spe-guadeloupe.fr\/index.php\/wp-json\/wp\/v2\/comments?post=31"}],"version-history":[{"count":16,"href":"https:\/\/educ-spe-guadeloupe.fr\/index.php\/wp-json\/wp\/v2\/pages\/31\/revisions"}],"predecessor-version":[{"id":196,"href":"https:\/\/educ-spe-guadeloupe.fr\/index.php\/wp-json\/wp\/v2\/pages\/31\/revisions\/196"}],"wp:attachment":[{"href":"https:\/\/educ-spe-guadeloupe.fr\/index.php\/wp-json\/wp\/v2\/media?parent=31"}],"curies":[{"name":"wp","href":"https:\/\/api.w.org\/{rel}","templated":true}]}}