{"id":74,"date":"2024-11-22T15:03:20","date_gmt":"2024-11-22T19:03:20","guid":{"rendered":"https:\/\/educ-spe-guadeloupe.fr\/?page_id=74"},"modified":"2026-02-20T05:36:38","modified_gmt":"2026-02-20T09:36:38","slug":"localisation-et-deplacements-naima-olbrdad-educatrice-specialisee-liberale-guadeloupe","status":"publish","type":"page","link":"https:\/\/educ-spe-guadeloupe.fr\/index.php\/localisation-et-deplacements-naima-olbrdad-educatrice-specialisee-liberale-guadeloupe\/","title":{"rendered":"LOCALISATION ET DEPLACEMENTS"},"content":{"rendered":"\t\t<div data-elementor-type=\"wp-page\" data-elementor-id=\"74\" class=\"elementor elementor-74\">\n\t\t\t\t<div class=\"elementor-element elementor-element-f047343 e-flex e-con-boxed e-con e-parent\" data-id=\"f047343\" data-element_type=\"container\" data-e-type=\"container\">\n\t\t\t\t\t<div class=\"e-con-inner\">\n\t\t\t\t<div class=\"elementor-element elementor-element-97ce115 elementor-widget elementor-widget-heading\" data-id=\"97ce115\" data-element_type=\"widget\" data-e-type=\"widget\" data-widget_type=\"heading.default\">\n\t\t\t\t<div class=\"elementor-widget-container\">\n\t\t\t\t\t<h2 class=\"elementor-heading-title elementor-size-default\">Localisation et d\u00e9placements<\/h2>\t\t\t\t<\/div>\n\t\t\t\t<\/div>\n\t\t\t\t\t<\/div>\n\t\t\t\t<\/div>\n\t\t<div class=\"elementor-element elementor-element-87c1e9c e-flex e-con-boxed e-con e-parent\" data-id=\"87c1e9c\" data-element_type=\"container\" data-e-type=\"container\">\n\t\t\t\t\t<div class=\"e-con-inner\">\n\t\t\t\t<div class=\"elementor-element elementor-element-a33fe9e elementor-widget elementor-widget-text-editor\" data-id=\"a33fe9e\" data-element_type=\"widget\" data-e-type=\"widget\" data-widget_type=\"text-editor.default\">\n\t\t\t\t<div class=\"elementor-widget-container\">\n\t\t\t\t\t\t\t\t\t<p>Bas\u00e9e \u00e0 <strong>Trois-Rivi\u00e8res<\/strong>, dans la r\u00e9gion de <strong>Basse-Terre<\/strong> en <strong>Guadeloupe<\/strong>, je propose des interventions adapt\u00e9es \u00e0 votre situation, que ce soit \u00e0 domicile, en \u00e9tablissement ou dans un autre cadre selon vos besoins.<\/p><p><strong>Je couvre les principales communes de Basse-Terre<\/strong> : Gourbeyre, Baillif, Vieux-Fort, Capesterre-Belle-Eau, Bouillante, Goyave, Mahaut, Pointe-Noire, Petit-Bourg, Sainte-Rose, Lamentin, Deshaies, Vieux-Habitants, Saint-Claude, Basse-Terre, et leurs environs.\u00a0<\/p>\t\t\t\t\t\t\t\t<\/div>\n\t\t\t\t<\/div>\n\t\t\t\t<div class=\"elementor-element elementor-element-a10a545 elementor-align-center elementor-widget elementor-widget-button\" data-id=\"a10a545\" data-element_type=\"widget\" data-e-type=\"widget\" data-widget_type=\"button.default\">\n\t\t\t\t<div class=\"elementor-widget-container\">\n\t\t\t\t\t\t\t\t\t<div class=\"elementor-button-wrapper\">\n\t\t\t\t\t<a class=\"elementor-button elementor-button-link elementor-size-sm\" href=\"https:\/\/educ-spe-guadeloupe.fr\/index.php\/contact-naima-olbrdad-educatrice-specialisee-liberale-guadeloupe\/\">\n\t\t\t\t\t\t<span class=\"elementor-button-content-wrapper\">\n\t\t\t\t\t\t\t\t\t<span class=\"elementor-button-text\">Contactez-moi pour v\u00e9rifier si je peux intervenir dans votre secteur<\/span>\n\t\t\t\t\t<\/span>\n\t\t\t\t\t<\/a>\n\t\t\t\t<\/div>\n\t\t\t\t\t\t\t\t<\/div>\n\t\t\t\t<\/div>\n\t\t\t\t<div class=\"elementor-element elementor-element-5e755f6 elementor-widget-divider--view-line elementor-widget elementor-widget-divider\" data-id=\"5e755f6\" data-element_type=\"widget\" data-e-type=\"widget\" data-widget_type=\"divider.default\">\n\t\t\t\t<div class=\"elementor-widget-container\">\n\t\t\t\t\t\t\t<div class=\"elementor-divider\">\n\t\t\t<span class=\"elementor-divider-separator\">\n\t\t\t\t\t\t<\/span>\n\t\t<\/div>\n\t\t\t\t\t\t<\/div>\n\t\t\t\t<\/div>\n\t\t\t\t<div class=\"elementor-element elementor-element-474c6ce elementor-widget elementor-widget-heading\" data-id=\"474c6ce\" data-element_type=\"widget\" data-e-type=\"widget\" data-widget_type=\"heading.default\">\n\t\t\t\t<div class=\"elementor-widget-container\">\n\t\t\t\t\t<h2 class=\"elementor-heading-title elementor-size-default\">Nouveaut\u00e9 2026 : ouverture d'un cabinet \u00e0 PETIT BOURG (Guadeloupe)<\/h2>\t\t\t\t<\/div>\n\t\t\t\t<\/div>\n\t\t\t\t<div class=\"elementor-element elementor-element-9579bf4 elementor-widget elementor-widget-text-editor\" data-id=\"9579bf4\" data-element_type=\"widget\" data-e-type=\"widget\" data-widget_type=\"text-editor.default\">\n\t\t\t\t<div class=\"elementor-widget-container\">\n\t\t\t\t\t\t\t\t\t<p data-start=\"620\" data-end=\"828\">Depuis f\u00e9vrier 2026, une partie de mon activit\u00e9 d\u2019<strong data-start=\"670\" data-end=\"719\">\u00e9ducatrice sp\u00e9cialis\u00e9e lib\u00e9rale en Guadeloupe<\/strong> se d\u00e9roule \u00e9galement <b>les lundis<\/b> au sein d\u2019un <strong data-start=\"754\" data-end=\"785\">cabinet situ\u00e9 \u00e0 Petit-Bourg<\/strong>, dans l\u2019immeuble Bienvenue (ZAC de Colin).<\/p><p data-start=\"830\" data-end=\"1143\">Ce cabinet permet de proposer des <strong data-start=\"864\" data-end=\"915\">accompagnements \u00e9ducatifs en dehors du domicile<\/strong>, dans un environnement calme, structurant et s\u00e9curisant. <br \/>Il compl\u00e8te les accompagnements d\u00e9j\u00e0 existants lorsque le changement de cadre fait partie des objectifs \u00e9ducatifs.<\/p><p data-start=\"1145\" data-end=\"1174\">Ce lieu permet notamment de :<\/p><ul data-start=\"1175\" data-end=\"1539\"><li data-start=\"1175\" data-end=\"1223\"><p data-start=\"1177\" data-end=\"1223\">travailler l\u2019autonomie et la confiance en soi,<\/p><\/li><li data-start=\"1224\" data-end=\"1269\"><p data-start=\"1226\" data-end=\"1269\">accompagner l\u2019adaptation \u00e0 un nouveau lieu,<\/p><\/li><li data-start=\"1270\" data-end=\"1374\"><p data-start=\"1272\" data-end=\"1374\">proposer des <strong data-start=\"1285\" data-end=\"1310\">s\u00e9ances individuelles<\/strong> ou des <strong data-start=\"1318\" data-end=\"1345\">temps en petits groupes<\/strong>, lorsque cela est pertinent,<\/p><\/li><li data-start=\"1375\" data-end=\"1539\"><p data-start=\"1377\" data-end=\"1539\">accompagner des <strong data-start=\"1393\" data-end=\"1428\">enfants, adolescents ou adultes<\/strong> pour lesquels le d\u00e9placement et l\u2019investissement d\u2019un nouvel environnement font partie du projet personnalis\u00e9.<\/p><\/li><\/ul><p data-start=\"1541\" data-end=\"1738\">Le cabinet est situ\u00e9 au <strong data-start=\"1565\" data-end=\"1625\">11, immeuble Bienvenue \u2013 ZAC de Colin, 97170 Petit-Bourg<\/strong>, et permet d\u2019adapter encore davantage les accompagnements \u00e9ducatifs aux besoins et au rythme de chaque personne.<\/p><p data-start=\"1740\" data-end=\"1792\"><img decoding=\"async\" class=\"emoji\" role=\"img\" draggable=\"false\" src=\"https:\/\/s.w.org\/images\/core\/emoji\/17.0.2\/svg\/1f4c5.svg\" alt=\"\ud83d\udcc5\" \/> <strong data-start=\"1743\" data-end=\"1792\">Accueil le lundi, sur rendez-vous.<\/strong><\/p>\t\t\t\t\t\t\t\t<\/div>\n\t\t\t\t<\/div>\n\t\t\t\t<div class=\"elementor-element elementor-element-110179a elementor-align-center elementor-widget elementor-widget-button\" data-id=\"110179a\" data-element_type=\"widget\" data-e-type=\"widget\" data-widget_type=\"button.default\">\n\t\t\t\t<div class=\"elementor-widget-container\">\n\t\t\t\t\t\t\t\t\t<div class=\"elementor-button-wrapper\">\n\t\t\t\t\t<a class=\"elementor-button elementor-button-link elementor-size-sm\" href=\"https:\/\/educ-spe-guadeloupe.fr\/index.php\/contact-naima-olbrdad-educatrice-specialisee-liberale-guadeloupe\/\">\n\t\t\t\t\t\t<span class=\"elementor-button-content-wrapper\">\n\t\t\t\t\t\t\t\t\t<span class=\"elementor-button-text\">Prendre rendez-vous<\/span>\n\t\t\t\t\t<\/span>\n\t\t\t\t\t<\/a>\n\t\t\t\t<\/div>\n\t\t\t\t\t\t\t\t<\/div>\n\t\t\t\t<\/div>\n\t\t\t\t\t<\/div>\n\t\t\t\t<\/div>\n\t\t<div class=\"elementor-element elementor-element-d9dcf31 e-flex e-con-boxed e-con e-parent\" data-id=\"d9dcf31\" data-element_type=\"container\" data-e-type=\"container\">\n\t\t\t\t\t<div class=\"e-con-inner\">\n\t\t\t\t<div class=\"elementor-element elementor-element-7cdb19d elementor-widget elementor-widget-google_maps\" data-id=\"7cdb19d\" data-element_type=\"widget\" data-e-type=\"widget\" data-widget_type=\"google_maps.default\">\n\t\t\t\t<div class=\"elementor-widget-container\">\n\t\t\t\t\t\t\t<div class=\"elementor-custom-embed\">\n\t\t\t<iframe loading=\"lazy\"\n\t\t\t\t\tsrc=\"https:\/\/maps.google.com\/maps?q=trois-rivi%C3%A8res%20guadeloupe&#038;t=m&#038;z=10&#038;output=embed&#038;iwloc=near\"\n\t\t\t\t\ttitle=\"trois-rivi\u00e8res guadeloupe\"\n\t\t\t\t\taria-label=\"trois-rivi\u00e8res guadeloupe\"\n\t\t\t><\/iframe>\n\t\t<\/div>\n\t\t\t\t\t\t<\/div>\n\t\t\t\t<\/div>\n\t\t\t\t\t<\/div>\n\t\t\t\t<\/div>\n\t\t\t\t<\/div>\n\t\t","protected":false},"excerpt":{"rendered":"<p>Localisation et d\u00e9placements Bas\u00e9e \u00e0 Trois-Rivi\u00e8res, dans la r\u00e9gion de Basse-Terre en Guadeloupe, je propose des interventions adapt\u00e9es \u00e0 votre situation, que ce soit \u00e0 domicile, en \u00e9tablissement ou dans un autre cadre selon vos besoins. Je couvre les principales communes de Basse-Terre : Gourbeyre, Baillif, Vieux-Fort, Capesterre-Belle-Eau, Bouillante, Goyave, Mahaut, Pointe-Noire, Petit-Bourg, Sainte-Rose, Lamentin, [&hellip;]<\/p>\n","protected":false},"author":1,"featured_media":0,"parent":0,"menu_order":0,"comment_status":"closed","ping_status":"closed","template":"","meta":{"footnotes":""},"class_list":["post-74","page","type-page","status-publish","hentry"],"_links":{"self":[{"href":"https:\/\/educ-spe-guadeloupe.fr\/index.php\/wp-json\/wp\/v2\/pages\/74","targetHints":{"allow":["GET"]}}],"collection":[{"href":"https:\/\/educ-spe-guadeloupe.fr\/index.php\/wp-json\/wp\/v2\/pages"}],"about":[{"href":"https:\/\/educ-spe-guadeloupe.fr\/index.php\/wp-json\/wp\/v2\/types\/page"}],"author":[{"embeddable":true,"href":"https:\/\/educ-spe-guadeloupe.fr\/index.php\/wp-json\/wp\/v2\/users\/1"}],"replies":[{"embeddable":true,"href":"https:\/\/educ-spe-guadeloupe.fr\/index.php\/wp-json\/wp\/v2\/comments?post=74"}],"version-history":[{"count":14,"href":"https:\/\/educ-spe-guadeloupe.fr\/index.php\/wp-json\/wp\/v2\/pages\/74\/revisions"}],"predecessor-version":[{"id":185,"href":"https:\/\/educ-spe-guadeloupe.fr\/index.php\/wp-json\/wp\/v2\/pages\/74\/revisions\/185"}],"wp:attachment":[{"href":"https:\/\/educ-spe-guadeloupe.fr\/index.php\/wp-json\/wp\/v2\/media?parent=74"}],"curies":[{"name":"wp","href":"https:\/\/api.w.org\/{rel}","templated":true}]}}

<div data-elementor-type="wp-page" data-elementor-id="74" class="elementor elementor-74">
				<div class="elementor-element elementor-element-f047343 e-flex e-con-boxed e-con e-parent" data-id="f047343" data-element_type="container" data-e-type="container">
					<div class="e-con-inner">
				<div class="elementor-element elementor-element-97ce115 elementor-widget elementor-widget-heading" data-id="97ce115" data-element_type="widget" data-e-type="widget" data-widget_type="heading.default">
				<div class="elementor-widget-container">
					<h2 class="elementor-heading-title elementor-size-default">Localisation et déplacements</h2>				</div>
				</div>
					</div>
				</div>
		<div class="elementor-element elementor-element-87c1e9c e-flex e-con-boxed e-con e-parent" data-id="87c1e9c" data-element_type="container" data-e-type="container">
					<div class="e-con-inner">
				<div class="elementor-element elementor-element-a33fe9e elementor-widget elementor-widget-text-editor" data-id="a33fe9e" data-element_type="widget" data-e-type="widget" data-widget_type="text-editor.default">
				<div class="elementor-widget-container">
									<p>Basée à <strong>Trois-Rivières</strong>, dans la région de <strong>Basse-Terre</strong> en <strong>Guadeloupe</strong>, je propose des interventions adaptées à votre situation, que ce soit à domicile, en établissement ou dans un autre cadre selon vos besoins.</p><p><strong>Je couvre les principales communes de Basse-Terre</strong> : Gourbeyre, Baillif, Vieux-Fort, Capesterre-Belle-Eau, Bouillante, Goyave, Mahaut, Pointe-Noire, Petit-Bourg, Sainte-Rose, Lamentin, Deshaies, Vieux-Habitants, Saint-Claude, Basse-Terre, et leurs environs. </p>								</div>
				</div>
				<div class="elementor-element elementor-element-a10a545 elementor-align-center elementor-widget elementor-widget-button" data-id="a10a545" data-element_type="widget" data-e-type="widget" data-widget_type="button.default">
				<div class="elementor-widget-container">
									<div class="elementor-button-wrapper">
					<a class="elementor-button elementor-button-link elementor-size-sm" href="https://educ-spe-guadeloupe.fr/index.php/contact-naima-olbrdad-educatrice-specialisee-liberale-guadeloupe/">
						<span class="elementor-button-content-wrapper">
									<span class="elementor-button-text">Contactez-moi pour vérifier si je peux intervenir dans votre secteur</span>
					</span>
					</a>
				</div>
								</div>
				</div>
				<div class="elementor-element elementor-element-5e755f6 elementor-widget-divider--view-line elementor-widget elementor-widget-divider" data-id="5e755f6" data-element_type="widget" data-e-type="widget" data-widget_type="divider.default">
				<div class="elementor-widget-container">
							<div class="elementor-divider">
			<span class="elementor-divider-separator">
						</span>
		</div>
						</div>
				</div>
				<div class="elementor-element elementor-element-474c6ce elementor-widget elementor-widget-heading" data-id="474c6ce" data-element_type="widget" data-e-type="widget" data-widget_type="heading.default">
				<div class="elementor-widget-container">
					<h2 class="elementor-heading-title elementor-size-default">Nouveauté 2026 : ouverture d'un cabinet à PETIT BOURG (Guadeloupe)</h2>				</div>
				</div>
				<div class="elementor-element elementor-element-9579bf4 elementor-widget elementor-widget-text-editor" data-id="9579bf4" data-element_type="widget" data-e-type="widget" data-widget_type="text-editor.default">
				<div class="elementor-widget-container">
									<p data-start="620" data-end="828">Depuis février 2026, une partie de mon activité d’<strong data-start="670" data-end="719">éducatrice spécialisée libérale en Guadeloupe</strong> se déroule également <b>les lundis</b> au sein d’un <strong data-start="754" data-end="785">cabinet situé à Petit-Bourg</strong>, dans l’immeuble Bienvenue (ZAC de Colin).</p><p data-start="830" data-end="1143">Ce cabinet permet de proposer des <strong data-start="864" data-end="915">accompagnements éducatifs en dehors du domicile</strong>, dans un environnement calme, structurant et sécurisant. <br />Il complète les accompagnements déjà existants lorsque le changement de cadre fait partie des objectifs éducatifs.</p><p data-start="1145" data-end="1174">Ce lieu permet notamment de :</p><ul data-start="1175" data-end="1539"><li data-start="1175" data-end="1223"><p data-start="1177" data-end="1223">travailler l’autonomie et la confiance en soi,</p></li><li data-start="1224" data-end="1269"><p data-start="1226" data-end="1269">accompagner l’adaptation à un nouveau lieu,</p></li><li data-start="1270" data-end="1374"><p data-start="1272" data-end="1374">proposer des <strong data-start="1285" data-end="1310">séances individuelles</strong> ou des <strong data-start="1318" data-end="1345">temps en petits groupes</strong>, lorsque cela est pertinent,</p></li><li data-start="1375" data-end="1539"><p data-start="1377" data-end="1539">accompagner des <strong data-start="1393" data-end="1428">enfants, adolescents ou adultes</strong> pour lesquels le déplacement et l’investissement d’un nouvel environnement font partie du projet personnalisé.</p></li></ul><p data-start="1541" data-end="1738">Le cabinet est situé au <strong data-start="1565" data-end="1625">11, immeuble Bienvenue – ZAC de Colin, 97170 Petit-Bourg</strong>, et permet d’adapter encore davantage les accompagnements éducatifs aux besoins et au rythme de chaque personne.</p><p data-start="1740" data-end="1792"><img decoding="async" class="emoji" role="img" draggable="false" src="https://s.w.org/images/core/emoji/17.0.2/svg/1f4c5.svg" alt="📅" /> <strong data-start="1743" data-end="1792">Accueil le lundi, sur rendez-vous.</strong></p>								</div>
				</div>
				<div class="elementor-element elementor-element-110179a elementor-align-center elementor-widget elementor-widget-button" data-id="110179a" data-element_type="widget" data-e-type="widget" data-widget_type="button.default">
				<div class="elementor-widget-container">
									<div class="elementor-button-wrapper">
					<a class="elementor-button elementor-button-link elementor-size-sm" href="https://educ-spe-guadeloupe.fr/index.php/contact-naima-olbrdad-educatrice-specialisee-liberale-guadeloupe/">
						<span class="elementor-button-content-wrapper">
									<span class="elementor-button-text">Prendre rendez-vous</span>
					</span>
					</a>
				</div>
								</div>
				</div>
					</div>
				</div>
		<div class="elementor-element elementor-element-d9dcf31 e-flex e-con-boxed e-con e-parent" data-id="d9dcf31" data-element_type="container" data-e-type="container">
					<div class="e-con-inner">
				<div class="elementor-element elementor-element-7cdb19d elementor-widget elementor-widget-google_maps" data-id="7cdb19d" data-element_type="widget" data-e-type="widget" data-widget_type="google_maps.default">
				<div class="elementor-widget-container">
							<div class="elementor-custom-embed">
			<iframe loading="lazy"
					src="https://maps.google.com/maps?q=trois-rivi%C3%A8res%20guadeloupe&#038;t=m&#038;z=10&#038;output=embed&#038;iwloc=near"
					title="trois-rivières guadeloupe"
					aria-label="trois-rivières guadeloupe"
			></iframe>
		</div>
						</div>
				</div>
					</div>
				</div>
				</div>

<p>Localisation et déplacements Basée à Trois-Rivières, dans la région de Basse-Terre en Guadeloupe, je propose des interventions adaptées à votre situation, que ce soit à domicile, en établissement ou dans un autre cadre selon vos besoins. Je couvre les principales communes de Basse-Terre : Gourbeyre, Baillif, Vieux-Fort, Capesterre-Belle-Eau, Bouillante, Goyave, Mahaut, Pointe-Noire, Petit-Bourg, Sainte-Rose, Lamentin, [&hellip;]</p>
